2)?
17
Suppose -y + 75 - 12 = 0. List the prime factors of y.
3, 7
What are the prime factors of ((-306)/6)/(1 - 2)?
3, 17
What are the prime factors of ((-426)/8)/((-3)/4)?
71
Let k(c) = c + 29. List the prime factors of k(16).
3, 5
Let u(m) = -3*m + 60. List the prime factors of u(19).
3
Let k(l) be the first derivative of 5*l**2/2 - 3*l - 6. List the prime factors of k(8).
37
Suppose 3*w - 49 = -5*i, w - 74 = -3*w + 2*i. Suppose 4*b + w = 6*b. List the prime factors of b.
3
Let h(p) = p**3 - 3*p**2 + 2*p + 2. Let a be h(2). Let k be a + 2 - 0/(-1). Let n = k + -2. List the prime factors of n.
2
Let i be 4488/42 + 2/14. Let j = i - 60. List the prime factors of j.
47
Let l be (-31 + 0)/(5/(-15)). Suppose 2*h + h - l = 0. What are the prime factors of h?
31
Suppose -16 = -3*h - 2*y, 0 = -y + 2 - 0. Suppose -t = -4*n + 2*t + 29, -h*n + t + 39 = 0. List the prime factors of n.
11
Let j(v) = -v**3 + v. Let d(y) = 11*y**3 - y**2 - 3*y - 1. Let b(n) = -d(n) - 4*j(n). Let p be b(1). What are the prime factors of (p/(-2) - 3) + 3?
3
Suppose -2*b - 3 = -3*b. Suppose -3 = -4*k + b*k. Let u(d) = d**2 - 2*d + 2. List the prime factors of u(k).
5
Let f(p) = -p**2 - 1. Suppose 0 = -n, -3*n - 1 = -2*a - 3. Let w(s) = 5*s**2 - s + 11. Let q(r) = a*w(r) - 6*f(r). List the prime factors of q(-5).
3, 5
Let l(z) = 2*z. Let r be l(1). Suppose 6*k - 2*a = 3*k + r, -5*a + 21 = -k. Suppose -b = -k*j - 37, 2*j = -5*b + 4*j + 95. List the prime factors of b.
17
Let t = 12 - -3. Let k = t + 9. What are the prime factors of k?
2, 3
Let k be (5 - 9) + -6 + 2. Let l = k + 13. List the prime factors of l.
5
Suppose 10*s - 155 - 65 = 0. List the prime factors of s.
2, 11
Let q be (36/(-10))/((-2)/5). Suppose -u + 3*v = -6 - 11, -3*v = q. What are the prime factors of u?
2
Let f(i) be the third derivative of i**5/60 - 7*i**4/24 - i**3 + 5*i**2. What are the prime factors of f(9)?
2, 3
Let q(p) = 3*p**2 + 2*p + 4 - 2*p**2 + 4 - 6. List the prime factors of q(-3).
5
Let x(d) = -4*d**3 - 5*d**2 - 9*d - 6. List the prime factors of x(-4).
2, 103
Suppose t + 5*d - 28 = -t, 0 = 3*t + 4*d - 35. Let f(h) = h**2 - 9*h + 13. What are the prime factors of f(t)?
13
Let q = -62 - -65. List the prime factors of q.
3
Let l = -41 - -2. Let q = 55 + l. List the prime factors of q.
2
Suppose 268 = -4*c - 2*k, 3*c - 44 = 4*k - 245. Let u be c/(-3) - 2/6. Suppose l - u = -2*f, 2*f + 3*l - 14 = 4*l. What are the prime factors of f?
3
Let t(a) = a**3 + 9*a**2 - 4*a - 6. List the prime factors of t(-9).
2, 3, 5
Suppose -g + 3*d + 0 + 21 = 0, 21 = g - 4*d. What are the prime factors of g?
3, 7
Let w = 11 + -2. List the prime factors of (84/w)/(2/3).
2, 7
Let n = -112 + 146. List the prime factors of n.
2, 17
Let d(o) = -o**3 + 5*o**2 - 2*o - 1. Suppose 5*v - 35 = -5*w, -3*v - 2*v = -4*w + 10. What are the prime factors of d(v)?
7
Let l(f) = 38*f**2 - 4*f - 3. What are the prime factors of l(2)?
3, 47
Let l be 2 + (-2 - 0) + 1. Let b = l - -1. Suppose z + 4*g + 6 = 0, z + 0*z + 2*g + b = 0. List the prime factors of z.
2
Let y(l) = 3*l + 2*l + 5 - 2*l. List the prime factors of y(3).
2, 7
Let l(x) = -x**3 + 2*x**2 + 5*x - 4. Let y = -2 + 5. Let a be l(y). Suppose -20 = -2*i - s - a*s, i - 10 = 2*s. List the prime factors of i.
2, 5
Let q(a) = -a**2 + 15*a + 19. Let f be q(16). Suppose 24 = f*t - 93. List the prime factors of t.
3, 13
Let r = -9 + 37. What are the prime factors of r?
2, 7
Let o(r) = -r - 1. What are the prime factors of o(-7)?
2, 3
List the prime factors of (2088/126)/(2/7).
2, 29
Let o be 16/4 - 6*1. List the prime factors of 25 + 3/(3/o).
23
Suppose a + 366 = 7*a. What are the prime factors of a?
61
Suppose 3*k - 5*v - 23 = 20, -2*k + 36 = 4*v. Let q(b) = 10*b - 4. Let f be q(4). Let l = f - k. What are the prime factors of l?
2, 5
Let s = 8 - 4. Let l be 0/(s*3/(-6)). What are the prime factors of (-10 + l)*(-3)/5?
2, 3
Let q be 1/(-2) - 35/(-10). What are the prime factors of (-2)/q*-3 + 4?
2, 3
Let t(p) = p**2 + 3*p. Let q be t(-4). Suppose -2 = q*h - 10, -2*j - 4*h = 8. What are the prime factors of (0 + 2)*(-28)/j?
7
Let t be (-2)/(-4) - 14/(-4). Suppose 0 = -t*j - 8, 4*j + 12 = h. Suppose -4 = p + h*x - 0, -3*p + 2*x + 44 = 0. List the prime factors of p.
2, 3
Let x(b) = 2*b**2 - 2*b - 1. Let c be x(-1). Let t(m) = 2*m**2 - 3*m**3 - 1 + 2*m**2 + 2*m + 4*m**c. List the prime factors of t(-3).
2
Let q(c) = -9*c + 1. What are the prime factors of q(-4)?
37
Let i be (-3)/6*8/2. What are the prime factors of i/(-4) - 78/(-4)?
2, 5
Suppose 2*j - 9 = 3. Let w be (4 - 5)/((-2)/j). Suppose 0 = -2*q - 5*s + 20, 5*q = -w*s - 2 + 33. What are the prime factors of q?
5
What are the prime factors of (1161/(-18))/((-2)/4)?
3, 43
Let v be 430/35 + (-2)/7. Suppose 0 = -g + 5*g - v. What are the prime factors of g?
3
Suppose -4*k = -72 + 20. What are the prime factors of k?
13
Suppose -4*b = t - 33, 0 = t - 4*b - 0 + 7. List the prime factors of t.
13
Let y = -295 + 463. List the prime factors of y.
2, 3, 7
Let p be 19 - 1/1*2. Let w = 31 - p. What are the prime factors of w?
2, 7
Let r(t) be the second derivative of -t**3/6 + 5*t**2/2 - 2*t. Let k be r(11). List the prime factors of k/30 - (-101)/5.
2, 5
Suppose -9*c + 186 = -6*c. What are the prime factors of c?
2, 31
Let k(p) = -p**2 + 11*p - 9. List the prime factors of k(7).
19
Suppose 0 = d + 3*s - 114, -5*d - 4*s - s + 540 = 0. List the prime factors of d.
3, 5, 7
Suppose -5*v + 2*c = -46, 2*v + 2*v - c - 35 = 0. Suppose v = -u + 3*u. Suppose -3*k + 1 + 2 = h, 0 = 3*h - u*k - 35. What are the prime factors of h?
3
Suppose 3*y + 2*y = 0. Suppose -6 = -n - y*n. List the prime factors of n.
2, 3
Let d(g) = -17*g**3 - 2*g**2 - g. Let m(r) = -2*r + 1. Let i be m(1). What are the prime factors of d(i)?
2
Suppose 5*s - 290 = -h, 247 + 43 = 5*s + 5*h. What are the prime factors of s?
2, 29
Suppose 8 + 2 = 2*k. Suppose -4*m - 5*d = -25, -2*m + k*d + 6 = 1. List the prime factors of m.
5
What are the prime factors of 46*2/(-12)*-21?
7, 23
Suppose 0*j - 2*j = -3*g + 176, -4*j = 3*g - 188. Suppose -5*w + 5 = -g. List the prime factors of w.
13
Suppose -26 = 4*x + 2. Let s = x - -10. What are the prime factors of s?
3
Let s = -5 - -9. Suppose -s*j = -j. Suppose -4*o + 20 = 2*b, j*b = -2*b. What are the prime factors of o?
5
What are the prime factors of (49 + 0)*(2 + -1)?
7
Let h(w) = -w**2 + 2*w + 1. Let j be h(4). What are the prime factors of (-215)/j + 4/14?
31
Let c(n) = -n**3 + 10*n**2 + 12*n - 9. Let v be c(11). Suppose -q + 36 = -v. What are the prime factors of q?
2, 19
Let m = -64 - -109. What are the prime factors of m?
3, 5
Let f(a) = -13*a - 2. List the prime factors of f(-16).
2, 103
Let m(n) = -n**2 - 8*n - 7. Let q be m(-7). Suppose 2*r = v + 44, 0*r - 2*r - 3*v + 60 = q. What are the prime factors of r?
2, 3
Let f(o) = -13*o - 4. Suppose 0*t - 3 = 2*x + 3*t, 5*x = 5*t - 20. List the prime factors of f(x).
5, 7
Let c(k) be the second derivative of -k**3/6 - 9*k**2/2 - k. Let m be c(-7). List the prime factors of (32/(-20))/(m/5).
2
Suppose 4*t - 125 = -3*g, 2*g + t - 180 = -3*g. List the prime factors of g.
5, 7
Let r = 6 + -7. List the prime factors of (r - -1) + (-1 - -7).
2, 3
Let h be (16/(-40))/(2/(-40)). Suppose -h*j = -4*j - 16. What are the prime factors of j?
2
Let n(g) = -15*g - 2. List the prime factors of n(-1).
13
Let p = 42 + -27. Suppose -4*x + 0*x + t = 40, t = -x - p. Let w = -8 - x. What are the prime factors of w?
3
Let a(v) = v**3 - 3*v**2 - 2*v - 2. Let u be 40/(-5)*(-1)/2. Let z be a(u). Suppose 5*b = -5, 0 = 2*i - 4*b + 2*b - z. What are the prime factors of i?
2
Let k = 39 + 45. What are the prime factors of k?
2, 3, 7
Suppose -j = 2*j - 60. Suppose -j = -g - 4*g. List the prime factors of g.
2
Suppose -5*m + 131 = 1. List the prime factors of m.
2, 13
Suppose -2*b - 2*h - 49 - 9 = 0, 0 = -5*b + h - 139. Let c = -15 - b. What are the prime factors of c?
13
Let f(h) = -h**2 + 6*h + 8. Let m be f(6). Let u be 0 - 3/(-3)*3. Let s = m - u. What are the prime factors of s?
5
Suppose 0 = -5*z + 79 - 14. Suppose 4*d + z - 37 = 0. What are the prime factors of d?
2, 3
Suppose -3*k - 42 = -150. What are the prime factors of k?
2, 3
Suppose -5*l + 5 = -0. Let p be (-3 - l)*(-1)/4. Let k = p - -1. List the prime fa